 + -2 - (-1 + 11))?
-41
Evaluate (26 - -5) + 26 + (18 + -48 - 9).
18
What is the value of 21 - ((58 - 55) + 4 + -18)?
32
Evaluate 25 + (36 - 31 - 33).
-3
What is the value of -44 - (94 - 220 - -111)?
-29
38 + (316 + -315 + 7 + 2 - 27)
21
What is (-416 - -195 - -177) + 182 + -2?
136
Evaluate -11 - (11 - ((-13 + 58 - 7) + -3)).
13
Evaluate (1 - -16) + (-8 - ((-19 - -21) + -4)) - -21.
32
(33 - (61 - (-6 + 48))) + (-19 - (1 + 1))
-7
What is -52 - (62 + -43) - -103?
32
Evaluate 41 + (59 + -35 - 36) - -127.
156
-54 - 4 - (-46 - -4)
-16
What is 3 - (13 - (10 - 11 - (-10 - 3)))?
2
What is the value of -111 - ((-18 - (-44 + (39 - 22))) + -15)?
-105
What is the value of -3 + 6 - (51 - 74) - -51?
77
63 - (0 + 30 + 0)
33
What is 638 - 618 - (34 - 4)?
-10
What is the value of -10 + 29 + -12 + (2 - -16)?
25
What is -15 - (12 + -12 - 99 - (-3 - 15))?
66
Evaluate (0 - 3) + 1484 + -1478 + (-1 + 0 - -53).
55
Calculate (0 - -6) + 38 + (-2 - 13 - 5).
24
What is -11 + 2 + (-19 - (121 + (23 - 41))) + 9?
-122
What is the value of -12 - (1 + 3 + -8 - (-14 - -74))?
52
What is -138 + 175 + -111 - (1 + 18)?
-93
Evaluate -7 + (10 - (22 - 17)) + 4 + -92.
-90
-20 + 0 + -20 + -36 + 82
6
Evaluate 142 - (-73 - -256 - 86).
45
Calculate (-72 - 1) + 1 + (-3 - -1) - (-2162 - -2148).
-60
3 + -13 + 343 + -366 + 56
23
What is the value of 27 - (-19 + 52) - (-21 + -11)?
26
Evaluate -164 + (368 - 194) - (-59 + (-2 - -1)).
70
12 + (21 + -12 - 4) + -7 + 2
12
Evaluate 62 + 80 + -147 + (-28 - 2).
-35
What is the value of 33 + -56 + (-16 - -4)?
-35
What is the value of -22 - (4 - -3) - (-306 + 293)?
-16
What is 13 + (7 - ((-10 - -10) + 11)) + 10?
19
(-1 - (2 + -17)) + -1 + -4 - 39
-30
Evaluate (225 - 72) + -165 + (1 - (-35 - -2)).
22
(7 - -1 - (-11 - -8)) + (-28 - -15) - -53
51
Evaluate 4 + 32 + (7 - 13 - 5).
25
-2345 + 2363 - (-23 - 4 - (-2 + 3))
46
What is 389 - 323 - (0 + 18)?
48
Evaluate (23 - (2 - -32) - 8) + -24.
-43
What is 52 + -31 - -62 - ((-9 - -5) + (-1 - -5))?
83
What is -2 + 2 + -3 + -3 - (4228 + -4150)?
-84
What is the value of (6 - 6) + (-10 - (14 - 39)) + (-29 - -2)?
-12
Calculate 41 - 38 - (-57 + 55 + -27).
32
-38 + (8 - 45) + 73
-2
(-51 + 198 - 129) + 0 + -7
11
Evaluate (37 - (16 + -5)) + 20 + (-16 - -6) + 4.
40
Evaluate 0 + -101 - ((4716 - 4728) + (20 - 1 - -2)).
-110
What is 30 + ((2 - -3) + -27 - (69 + -74))?
13
Calculate 51 - (13 - (-22 - -29)).
45
-28 + 1 - (-161 - -163) - 32
-61
What is the value of 13 - (17 + -7) - (-6 - (8 + -17))?
0
45 - (-8 + 16 + -7 + -4)
48
What is (30 - 20) + (-1 - (-5 - -7) - (-9 - -6))?
10
(-27 + 8 - -1) + 10 - (32 + -56)
16
What is -4 + 0 - (-124 - -55 - -36)?
29
Calculate 11 + (-5 - -12 - 8) - (0 + -26).
36
Evaluate 35 + (12 - (-50 + 35)).
62
What is 80 + (-162 + 75 - -98)?
91
Evaluate -2573 + 2577 + 1 + -16.
-11
Calculate 15 + (-133 - -66) + -1.
-53
What is the value of (25 - 28 - -11) + 38?
46
What is -27 - 8 - 17 - -7?
-45
What is the value of -8 + 5 + 3 + -57 + 16?
-41
Calculate -4 + -42 - (-112 + -30 - 12).
108
What is the value of 174 + -11 + (86 - 189)?
60
-48 + (21 - -79) + -13
39
Evaluate (21 - (70 + -24)) + 7 - 32.
-50
Calculate 9 + (38 - 14 - 13 - 50).
-30
39 + 2 - (8 - (-21 + 21 + 12) - -3)
42
8 + (-75 - -77) + -50 + 1
-39
Calculate -2559 - -2470 - (-7 - 69).
-13
Evaluate 43 + -32 + -90 - -33.
-46
Calculate 104 + 4 + -3 + -27 - (0 - -1).
77
6 + -21 + (16 - -2) - (-12 + 0)
15
(-1 - 12) + -30 + (4 + 4 - -2)
-33
Evaluate 0 + -37 + 6733 + -6686.
10
What is -91 - ((-18 + (-17 - -30) - 2) + -2 + 7)?
-89
Calculate 4 + (-19 - 14) + 28 + 3.
2
(8 - -43) + 0 + 6 + 4 + -21 + 0
40
Evaluate 111 + (133 - (18 + 247)).
-21
Calculate (9 - 15) + -62 + 18 + (0 - -3 - -3).
-44
Evaluate (67 - 204) + 43 + 24.
-70
What is 8 + 1 + (21 - 19) - (20 - -1) - 18?
-28
What is (-334 - -326) + (17 - -3)?
12
What is the value of -17 - (-23 - -2 - (67 + -113))?
-42
Evaluate -6 + 8 + (11 - -2 - -17) + 10.
42
What is the value of (23 - (18 + 4) - (1 + -128)) + -25 + 14?
117
What is -60 + 40 + -11 - -2?
-29
Calculate 4 + (14 - (-10 - ((-1 - 77) + 3))).
-47
Calculate -9 - (-22 - (-14 + -28)) - -101.
72
Calculate (-2 - (-16 + 20)) + -47 + 26.
-27
Evaluate -228 + 162 - (9 - (9 - -9)).
-57
85 - (-10 - (10 - 40 - 9))
56
What is 109 + (-3 - (3 - 5)) - (-4 - -5)?
107
What is -8 - (-8 - (11 - (4 + 10)) - 6) - 92?
-89
What is (-5 - (-9 + (-6 - (-2 + -12)))) + -24?
-28
What is 8 - (11 + 5 - 119 - (7 + -17))?
101
Calculate -13 + (-15 - -63) + -12 + 75.
98
Calculate 54 + (-8 - ((-12 - (-8 - 3)) + -11)) + 5.
63
What is 1 - ((24 - 27) + (-8 - (6 + -16)))?
2
What is 516 + -579 + (2 - (8 + -1))?
-68
What is the value of (17 - 157) + 133 - (1 - 2 - 5)?
-1
-6 - (-20 - (-6 + 6)) - (76 + -110)
48
-93 + (2 - 66 - -83)
-74
What is the value of 26 + 0 - (-44 + 60) - -45?
55
Calculate (-1 - -1) + -11 - (-41 - (52 + (-10 - 36))).
36
What is -12 + 1 - (-297 + 299)?
-13
What is the value of -29 + (-8 - 19) - -87?
31
What is 141 + 6 + (-29 - (31 - (79 - 36)))?
130
Calculate (-27 + (10 - -10) - (-2 + -1)) + (53 - 1).
48
40 - 17 - (20 - -9) - (0 + 60)
-66
What is the value of (90 - 14) + (-38 - -10)?
48
What is the value of -87 - (-102 + -32 + 162)?
-115
What is the value of -23 + -35 + 49 + -16 + -2?
-27
What is the value of 5 + 4 - (8 + (-29 - -8 - -19)) - -2?
5
Evaluate -12 - (76 - 58) - -20.
-10
Calculate 34 + 27 + -33 - 60.
-32
Calculate -17 + 15 + 4 + -14 + (-9 - -20) - -74.
73
(-18 - ((6 - 11) + -7)) + 4
-2
What is -22 + (15 - 16) + 0 + 11?
-12
What is the value of -54 + (85 - -83 - 67)?
47
Evaluate (15 - 2 - (-100 + 108)) + -20.
-15
What is the value of -11 + (6 - 5) + (14 - -19)?
23
What is (12 - -56) + 13 - (25 + -72)?
128
Calculate -31 - -23 - 20 - 13.
-41
Calculate (-7 - (-111 + 115 + (-10 - 2))) + 22.
23
6 + 37 - (-92 - -86 - (0 - 10))
39
-3 + 1 + 22 - (60 + -13 + -37)
10
Evaluate 8 + (-23 - (14 - (16 - (10 + -16)))) + 122.
115
Calculate 21 + -35 + -8 + 21 + 19.
18
-412 - -439 - (4 + 60)
-37
What is -7 + 0 - 39 - (-1 + 22 + -27)?
-40
What is the value of 46 + 3 + -17 + 1?
33
0 - -82 - (-76 - (4 + -110))
52
Evaluate (7334 - 7326) + 0 + 4 + -2 + 0 + 15.
25
Calculate 12 + -23 + 20 + 49 + -27.
31
-16 + (5 - (-7 - -14)) + -10 + 14 - -85
71
Evaluate -4 + (6 - 30) + (2 - 17).
-43
Evaluate 1268 + -1279 - (-6 + -1).
-4
What is the value of -8 - (22 - 2 - 61)?
33
Evaluate -7 - (78 + (-22 - 47)).
-16
What is the value of (19 - (66 + -47)) + 28?
28
(-55 - -2) + 1 + -12423 + 12429
-46
-4 + 82 - 2 - (7 - (55 - 55))
69
What is 7 + 0 + (-6 + 14 - 5) - 61?
-51
What is the value of -8 + -1 - (-49 + (-12 - (0 - 40))) - 5?
7
Evaluate -14 + 136 + -86 + -125.
-89
69 - 90 - (34 + -17) - 53
-91
(7 - (25 + -24 + 16)) + (6 - 7 - -88)
77
1 + -5 + 0 + -18 + (-78 - 23 - -16)
-107
What is -88 + 158 - -109 - 127?
52
What is the value of (4 - (11 + -33)) + (-10 - 2) - 9?
5
Calculate -134 + 84 + (39 - -13).
2
What is the value of 23 - (-14 + -2 + 67)?
-28
What is -109 - (-158 - -2) - (-2 + (-1 - 0) + 1)?
49
What is the value of (-41 - -15) + 88 + -137?
-75
Calculate 135 + (-154 - -59 - 153).
-113
What is the value of (-16 - -7 - (9 + (-15 - -13))) + 61?
45
Evaluate (-9 - -1 - (45 + -67)) + -57.
-43
Calculate 3 + 122 + -47 + (-39 - -18).
57
What is the value of 61 + -76 + 24 + -56?
-47
Calculate -3 - -3 - (60 + -89 + 3).
26
Evaluate (-4 - 1 - 0) + (178 - 229).
-56
(-95 - -57) + (-15 - -5) + -5 + 4
-49
What is the value of 146 - (-64 + (9 - -157))?
44
1 + 11 + (9 - 6) + (60 - 20) + 58
113
(-33 - (-89 - -137)) + 98
17
Evaluate (-52 - (16 + -47) - -10) + (10 - 3).
-4
Calculate -3 + 3 - (-10 - (-1 + 4 - (-1 + 3))).
11
Evaluate -3 + (-20 - (-28 + 8) - ((-4 - -2) + 5)).
-6
Evaluate (-187 - -91 - -154) + (-2 + 3 + -1 - -11).
69
Calculate ((-4 + 5 + -8 - -10) + -6 - 6) + -9.
-18
-3 + (-19 - -3) + (-134 - -9 - -257)
113
What is 132 + -30 - 110 - (68 + -2)?
-74
What is the value of (-1 - -69) + (988 - 1010) - 3?
43
What is -56 - ((-118 - 137) + 117)?
82
(-6 - (0 + 1)) + (-15 - (7 - 12)) + 20
3
Calculate 2769 - 2779 - (1 + -21 + 2).
8
Evaluate 4 + (65 + -1 + -2 - -14) + (-9 - 1).
70
What is the value of 27 + -34 + -55 + 15 + -6 + 6?
-47
What is the value of 39 - ((142 - 37) + -20)?
-46
What is (-80 - -89) + (4 - 2) - (-2 + 25)?
-12
123 + -53 + -7 + -6
57
Evaluate 142 - 127 - (-17 + -2).
34
What is the value of -18 - -66